2
Let i be (-48)/(-84) + ((-50588)/(-14) - -5) + 2. What is the highest common factor of i and 1065?
213
Suppose 0*p - 225 = -p. Let o be (240/320)/((-2)/(-200)). Calculate the greatest common divisor of o and p.
75
Suppose -4*a = 25*j - 24*j - 17391, 4*j = 2*a - 8664. What is the highest common factor of a and 164?
82
Suppose 0 = 61*k - 837080 - 440931. What is the highest common divisor of 574 and k?
287
Let c be 48100/156 - (-1)/(-3). What is the highest common factor of 56 and c?
28
Suppose 150 = -179*a + 185*a. Let j be 5 - (10/a - 5106/15). What is the greatest common divisor of 45 and j?
15
Let h be -18 + 21 + 14 + (-3 - -1). Calculate the highest common factor of 2355 and h.
15
Suppose -670*v = -675*v, 1364 = 2*r + 2*v. What is the highest common factor of r and 418?
22
Let y(t) = 9*t - 35. Let g be y(14). Let f be 3 + 5 + g + -3. Calculate the greatest common factor of 6 and f.
6
Let k = 157082 + -157076. Let o(z) = -34*z. Let h be o(-1). What is the greatest common divisor of h and k?
2
Suppose 3*l + 64*k - 63*k - 2001 = 0, k = -l + 669. Calculate the highest common factor of 522 and l.
18
Let z = -9263 - -9461. Let k(u) = 5*u + 8. Let i(d) = -10*d - 16. Let o(m) = -2*i(m) - 5*k(m). Let a be o(-6). Calculate the greatest common divisor of a and z.
22
Suppose 0 = -2*h - 0*h - 3*c + 566, 0 = -3*h - 4*c + 850. Let n be (-1 - -7) + h/26. What is the highest common divisor of n and 68?
17
Let v be 0/(-2) + 1 + 26*2. Suppose 60*o = v*o + 1008. Let t be (-47)/(-5) + (-4)/10. What is the greatest common factor of t and o?
9
Suppose 20996 = -13*d - 130077. Let x = -6846 - d. Let y be x/40 + 3/(-8). Calculate the greatest common divisor of 17 and y.
17
Let i be (-230)/70 - 2/(-7). Let l be -7*(70 + (i - -7))/(-7). Let g(t) = -13*t + 7. Let b be g(-8). What is the highest common factor of b and l?
37
Suppose 0 = 2*w + 2*y - 3*y - 17, y - 46 = -5*w. Suppose 46*b = 49*b - w. What is the greatest common factor of b and 75?
3
Suppose -5*v = -4*i - 14, v = -5*i + 2*v - 7. Let h = 2 + i. Suppose 0 = 5*q + 5*x - 65, 2*x + h = -5. What is the highest common divisor of q and 2?
2
Let k = -674 - -716. Suppose -2*i = -5*d - 4*i + 64, -4*d + 52 = 2*i. Calculate the greatest common divisor of k and d.
6
Let z = -2326 + 3091. Calculate the greatest common factor of z and 170.
85
Let w be 21/(-105) - 352808/(-40). What is the highest common divisor of 24 and w?
12
Suppose 316 = 3*n - 134. Let g = -1016 + 1106. What is the highest common factor of n and g?
30
Let y = 2052 - -5688. Calculate the highest common divisor of 288 and y.
36
Let d(w) = 4*w + 113. Let g be d(-52). Let j be (-38)/g + 972/20. Calculate the greatest common divisor of j and 245.
49
Let s(n) = 2*n**2 + 16*n + 21. Let g be s(-5). Let v(c) = c**3 + 12*c**2 + 4*c + 14. Let q be v(g). What is the highest common factor of q and 17?
17
Let g(m) = -37*m - 1086. Let l be g(-54). What is the highest common divisor of 1026 and l?
114
Let g(f) be the second derivative of f**5/20 - f**4/6 - f**3/2 + 156*f**2 + 56*f. Let i be g(0). What is the greatest common divisor of 24 and i?
24
Suppose -t + 5*t - 44 = 0. Let z be -5*4764/(-330) - (-4)/(-22). Suppose -z*h - 770 = -82*h. What is the greatest common factor of h and t?
11
Let h(m) = 2*m**3 - 30*m**2 - 15*m - 46. Let p be h(18). What is the greatest common divisor of 11 and p?
11
Suppose 5 = 5*z, -5*p - 2*z = -0*z - 2. Let b = p + 96. Suppose -g = -3*n - 2*n + 56, 2*n - 5*g - 4 = 0. What is the highest common factor of n and b?
12
Let m(q) = 7*q**2 - 1. Let u be m(-1). Suppose 4*w + 55 = 107. Suppose -z + w = k, 4*k + 5*z + 31 = 7*k. Calculate the highest common divisor of k and u.
6
Suppose 3*l = -2*z + 34, -3*z - 3*l = -5*l - 64. Suppose 18*y = z*y - 138. What is the greatest common divisor of y and 92?
23
Let u be (756/144)/((-10)/(-11280)). What is the highest common divisor of 252 and u?
126
Let z be 522/27 + (7/(-3) - -2). Suppose -9*f + 8*f - 5*o = -96, 4*f + o - 308 = 0. Calculate the highest common factor of z and f.
19
Let m(h) = 58*h**2 - 24*h + 64. Let d be m(-6). What is the highest common factor of d and 32?
8
Suppose -3*p + 439 = -2*h, 3*h = 19*p - 16*p - 441. Let d = p + -124. What is the greatest common factor of d and 77?
7
Suppose 0 = 2*v - 6*v, -5*v - 3198 = 3*k. Let m = k - -1118. Suppose -3 = 3*l, -2*l + 0*l + 154 = 4*s. Calculate the greatest common divisor of s and m.
13
Let c(b) = b**3 + 25*b**2 - 57*b - 5. Let a be c(-27). Calculate the highest common divisor of a and 1634.
38
Let g be 10/45 - ((-2576)/72 - 6). Suppose 2*q - 4*p = 4*q - 4, 0 = -q - 3*p. What is the greatest common factor of g and q?
6
Suppose -5*j + x + 496 = 0, -4*j = -x - 428 + 31. What is the greatest common factor of 7403 and j?
11
Suppose 5*a - 3*j = 61 - 16, a + 2*j = 22. What is the greatest common factor of a and 777?
3
Let b = -15025 - -22401. What is the highest common factor of 80 and b?
16
Suppose 2*q - 13 = -t, 2*q - 110 = -5*t + 7*q. Suppose 2*u - 3*z = 23 + t, 4*u - 5*z - 88 = 0. What is the highest common divisor of 135 and u?
27
Let x be 153*16*(-11 + (-125)/(-10)). What is the highest common divisor of 1122 and x?
102
Let b(h) = 15*h**2 - 62*h + 393. Let u be b(6). Calculate the greatest common factor of 528 and u.
33
Let a(f) = -19*f - 3. Let l be a(-2). Suppose -4*u = 3*q - 83, 2*u + 2*u = 2*q - 62. Let m = 36 - q. What is the highest common divisor of l and m?
7
Let i(f) = 3*f**2 + 18*f + 5. Let h be i(0). What is the greatest common divisor of 40 and h?
5
Suppose -5*c - 4*u + 9*u + 510 = 0, 2*c - 168 = -4*u. Suppose -4*j + 515 = 35. Calculate the highest common divisor of j and c.
24
Let b(h) = 2*h**3 - 77*h**2 + 46*h - 70. Let v be b(38). Let c = -662 + 698. What is the highest common divisor of c and v?
18
Suppose 0 = 2*m - 3*q - 900 - 575, 4*m - 3*q - 2935 = 0. Calculate the greatest common factor of m and 1022.
146
Let h = -315 + 677. Suppose h = 11*m - 199. What is the highest common factor of m and 68?
17
Let b = -351 + 309. Let a be (-7)/b - (-195)/18. What is the highest common factor of a and 121?
11
Let u be 61/3 - (-3)/((-54)/(-12)). Let g be 0*(u/(-9))/(-7). Suppose g = 5*n - 4 - 76. What is the greatest common factor of n and 80?
16
Let c(b) = 40*b**3 - 2*b**2 + b. Let v be c(-2). Let g be v/7 - 1/(-7). Let r = 68 + g. What is the highest common factor of r and 42?
21
Let i = 389 - 380. Let l be -7 + (-382)/(-2) - i. Calculate the greatest common divisor of 5 and l.
5
Let j be (-793)/122 - 50/(-4). Calculate the highest common factor of j and 642.
6
Let w(x) = -1 - 102*x**2 + 116*x**2 + 131*x**2. Let z be w(-1). Calculate the highest common factor of z and 48.
48
Let s(p) = 176*p - 1043. Let z be s(7). What is the greatest common divisor of 210 and z?
21
Let m(o) = 175*o**2 + 244*o - 1286. Let t be m(5). Calculate the greatest common factor of t and 31.
31
Suppose 0 = 4*f - 4*c - 48940, 5*f - 3*c = -0*f + 61181. What is the highest common divisor of 58 and f?
58
Let d(m) = -m**2 + 2*m + 3. Let f be d(0). Let s be (280/(-25))/((-17)/5 + f). Calculate the highest common divisor of 28 and s.
28
Let t be 4/6*(-4 + -1*3810/(-12)). What is the greatest common divisor of 66 and t?
11
Suppose -74 = -10*u - 44. Let f be 8091/27 + 1/u. What is the highest common divisor of 60 and f?
60
Let r = -7 + 18. Let f = 7065 - 6812. What is the greatest common factor of r and f?
11
Let n be -5*(10/2 - (72 - 6)/2). What is the highest common divisor of n and 2870?
70
Let h = 21 + -67. Suppose 3*v - 7*v + 8 = 0. Let g be 11/v*h/(-5 + 4). What is the highest common factor of g and 23?
23
Suppose 7*n - 112 = 2*n + 3353. What is the greatest common divisor of 252 and n?
63
Suppose -5*f + 23 = -3*y, -8*f + 3*f = -4*y - 24. Let h be -1 - -28 - (-7 + f). What is the greatest common divisor of h and 50?
10
Let h = 17708 - 12256. Calculate the greatest common factor of h and 752.
188
Let p = -258 + 96. Let g = 613 + p. Calculate the greatest common factor of g and 11.
11
Let w be (-10)/(-50) + (8/10 - 1). Suppose w = -v, -17*b + 20*b = -v + 99. What is the greatest common factor of 3 and b?
3
Let h = 408 + -400. Suppose 4*p - 38 = 3*u, 2*p - u = 2*u + 22. Calculate the greatest common factor of p and h.
8
Let s = -115 - -137. Let g be (11/s)/((9/(-3))